, -4*j - 89 - 309 = -2*m. Suppose 0 = -3*i - 107 + 170. What is the highest common divisor of m and i?
21
Let s be 3254/26 + (-14)/91. What is the highest common divisor of s and 25?
25
Let f be (-1)/3 + 830/15. Let a be (-470)/(-90) + (-2)/9. Calculate the highest common divisor of a and f.
5
Suppose 1061 = 5*q - 694. Calculate the highest common divisor of 39 and q.
39
Suppose -4*k = -2*k + 50. Let o = -11 - k. What is the highest common factor of o and 56?
14
Let a(z) = 7*z**2 + 3*z - 2. Let y be a(3). Calculate the greatest common factor of 28 and y.
14
Let t(s) = -s**2 - 7*s - 1. Let y be t(-6). Let o = 9 - y. What is the highest common factor of 28 and o?
4
Let j = 4 - 6. Let u be 94/((-1)/j*-4). Let s be 6/(-4) + u/(-2). Calculate the highest common factor of s and 66.
22
Suppose -4 = -3*c + 2*c. Let p be ((-15)/10)/(6/(-128)). Calculate the highest common factor of p and c.
4
Let t be 5/((-5)/(-306)) + 2. Suppose 4*v - 264 = t. What is the greatest common divisor of 13 and v?
13
Suppose -3*f + 3 = -f - a, 1 = 4*f - 3*a. Suppose 5*b - 2*b - 6 = 0. Calculate the greatest common factor of f and b.
2
Suppose 2*w + 70 = 7*w. Calculate the greatest common divisor of w and 2.
2
Suppose -17 - 9 = -2*x. Calculate the highest common factor of x and 78.
13
Let w = 25 - 15. Let q be (-2)/(-5) - (-196)/10. What is the highest common factor of q and w?
10
Suppose 11 = g + 2. What is the greatest common divisor of 72 and g?
9
Let g be (-77)/(-35) - (-2)/(-10). Suppose 2 = i - g. What is the highest common divisor of 4 and i?
4
Let d(r) = -r - 2. Let b be d(-6). Suppose j + b*j = 110. Calculate the highest common divisor of j and 22.
22
Let v be (-82 + 1)*(-6)/9. Let m be 4*(-2)/((-16)/v). Let s(y) = -2*y + 1. Let t be s(-4). What is the highest common factor of t and m?
9
Suppose 0 = 6*j - 2*j - 68. Let b be 2052/(-16) - 1/(-4). Let r = 213 + b. What is the greatest common factor of r and j?
17
Let p be 6/9*3/1. Suppose 0 = 4*r - 10 + p. Suppose -16 = -2*b - 12. Calculate the greatest common factor of r and b.
2
Let x(p) = -p**2 - p + 135. Let a be x(0). Suppose -2*r - 2*r + 216 = 0. Calculate the highest common divisor of r and a.
27
Let z = -67 - -100. What is the greatest common divisor of z and 11?
11
Let q(f) = -f**2 + 7*f - 3. Let w be q(7). Let h(l) = 2*l + 12. Let i be h(-8). Let d be 90*(8/w)/i. Calculate the highest common divisor of 12 and d.
12
Suppose 5 = t - 1. Suppose -t*p = -p - 85. Suppose k = -3*g + 45, p = 3*g - 2*k - 28. Calculate the greatest common divisor of 6 and g.
3
Let o = -49 + 55. Calculate the highest common divisor of 66 and o.
6
Let z = -7 + 78. Suppose f - z = 2*p, p - 89 - 96 = -3*f. What is the highest common divisor of 9 and f?
9
Let k(w) = w**2 - 2*w + 40. Let s be k(0). What is the greatest common factor of 24 and s?
8
Suppose 42 = 3*u + 3*u. Suppose 5 = 2*h - 1. Let g = h - 2. Calculate the highest common factor of g and u.
1
Let g = 38 - -22. Let d be 2 + (1 - 1) + g. Let i = d + -30. Calculate the greatest common factor of i and 48.
16
Let v be (80/(-3))/(5/(-15)). Calculate the highest common divisor of 10 and v.
10
Let o = 6 + -4. Suppose 2*k + 31 = 5*y, 4*y = o*k + 16 + 8. What is the highest common divisor of 7 and y?
7
Let c = -22 + 1. Let k = c + 36. Calculate the highest common divisor of 5 and k.
5
Suppose 0 = -j - 5*b + 90, 2*j - 5*b + 8 = 143. Calculate the highest common divisor of j and 30.
15
Let l be (-2 - -6)*(-13)/(-4). Suppose 5*v = 5*f - 10*f + 60, v - l = -2*f. Calculate the greatest common divisor of v and 55.
11
Let u be 2 + (29 - (1 + -2)). Calculate the highest common factor of 4 and u.
4
Suppose 0 = 17*h - 13*h - 84. Calculate the highest common divisor of h and 21.
21
Let b be (-2479)/(-185) + 6/(-20)*-2. Let s = 214 - 86. Let h = 226 - s. What is the highest common factor of h and b?
14
Let q = 178 + -26. What is the greatest common divisor of q and 19?
19
Let n be -4 - -1 - (-13 - -6). Suppose -j = n*j - 105. Let z be 1*(86 - (-2)/(-1)). Calculate the highest common factor of z and j.
21
Let q = 7 - 10. Let r = -1 - q. Suppose -4*d + 4 = -r*d. What is the greatest common divisor of d and 1?
1
Let n = 7 - -11. Calculate the highest common divisor of n and 144.
18
Suppose 4*w = -2*s + 2*w + 2, 0 = -s + 5*w - 5. Suppose -18 = -3*n - s*n. What is the greatest common factor of 6 and n?
6
Let f(x) = 5*x + 3. Let s be f(5). Calculate the highest common divisor of 7 and s.
7
Suppose 5*v - 4*v = 4. Let u(n) = 5*n + 6. Suppose 0 = -r + 9 - 3. Let s be u(r). What is the greatest common divisor of v and s?
4
Let j = -93 + 46. Let q = j + 103. Calculate the highest common divisor of q and 140.
28
Suppose -3*x + 5 = -7. Let g = -2 + x. Suppose 26 = 4*t - g. What is the greatest common divisor of 28 and t?
7
Let g(n) = 2*n + 5. Let o be g(12). Suppose -27*v + o*v = 54. Calculate the highest common divisor of 18 and v.
9
Let u = 151 + -87. Suppose 0 = 3*p + 2*o - 74, 2*p = 2*o - 7*o + u. Suppose -12*h + 71 + 61 = 0. Calculate the highest common divisor of p and h.
11
Let d = 14 - 10. Suppose -l + 3*l = d. Let r(y) = 5*y - 9. Let m be r(5). Calculate the highest common factor of l and m.
2
Let k be ((-16)/(-6))/((-2)/(-15)). Let q = 15 - -5. Calculate the greatest common divisor of k and q.
20
Let d = 3 + 6. Let n(c) = -c - 56. Let y be n(0). Let o = y - -83. Calculate the greatest common divisor of d and o.
9
Suppose 2*n + 7*c = 3*c + 148, 5*n + 3*c = 391. What is the greatest common factor of 60 and n?
20
Suppose 4*b + 1 + 11 = 0. Let h be ((-13)/b)/((-8)/(-24)). What is the highest common factor of 65 and h?
13
Suppose -2*u + 4*u = -i, 0 = -4*u - 4. Suppose -k + i*k = 4*v - 87, v = -4*k + 26. What is the greatest common factor of v and 22?
22
Let f(b) = b**2 + b + 13. Let d be f(6). Calculate the greatest common divisor of d and 605.
55
Let c(l) = 2*l**2 + 2. Let p be c(-3). Suppose -2*q + 6*q = 8. Suppose -q*u + 37 + 63 = 0. Calculate the greatest common factor of u and p.
10
Let l(a) = 0 + 0 - 19*a + 26*a. Let m be l(9). What is the highest common divisor of 7 and m?
7
Let k = 2 + -9. Let g(z) = -z**2 - 8*z - 5. Let j be g(k). What is the greatest common factor of j and 22?
2
Suppose -36 = f - 243. Let z(q) = -71*q - 1. Let p be z(1). Let w = f + p. What is the greatest common divisor of w and 15?
15
Let q be 2/(-6) - 194/(-6). Let o = -110 - -158. What is the greatest common divisor of q and o?
16
Let y be 8/(-36) - 33/(-27). What is the greatest common divisor of y and 11?
1
Suppose -q - q = -34. Let f be (-6)/27 + (-4558)/(-18). Suppose -f = -4*h + 359. Calculate the highest common divisor of h and q.
17
Suppose -w - 51 = -3*b, 10*w - 33 = -b + 5*w. Let m = -13 + b. Suppose 4*q - 4*z = 88, -2*q - 3*q + 130 = m*z. What is the highest common factor of 60 and q?
12
Let g(k) = 229*k**3 - 2*k**2 - k. Let i = -2 + 1. Let o be g(i). Let d = 335 + o. What is the highest common factor of 21 and d?
21
Suppose 4 + 26 = m. Calculate the highest common divisor of m and 270.
30
Let b be -2 - 1/(2/(-76)). Let p = -20 + b. What is the highest common factor of 8 and p?
8
Suppose -594 = -12*b + 198. What is the highest common divisor of b and 6?
6
Let l = 32 + -23. Suppose -z = z - 126. Calculate the highest common divisor of z and l.
9
Let t(w) = w**2 + 4*w + 3. Let y be t(3). What is the highest common divisor of y and 6?
6
Let h = -34 + 39. What is the highest common factor of h and 15?
5
Suppose 161 + 239 = 4*j. What is the greatest common factor of j and 25?
25
Suppose -5*w = s - 269, s - 5*s = -5*w + 274. Calculate the highest common factor of 90 and w.
18
Let w = 37 + -25. Let i = 24 + 154. Suppose -5*l = -i - 62. Calculate the greatest common factor of l and w.
12
Let x be (-648)/13 + 8/(-52). Let a = -30 - x. Suppose -4*p = -29 - 211. Calculate the highest common factor of a and p.
20
Let b = -1 + 9. Calculate the greatest common divisor of b and 40.
8
Let v be (6 + 161/(-14))/((-1)/2). What is the highest common factor of 11 and v?
11
Let d(f) = f**2 + 6*f - 3. Let z be d(-7). Suppose -3*x + z = -8. Suppose -140 = -4*v - v. Calculate the highest common divisor of x and v.
4
Suppose 13 + 51 = 4*x. Suppose -2*v + f + 4*f = 12, -2*v - f = 36. Let t = 32 + v. What is the highest common divisor of x 